, -x - i + 26 = 0. Suppose 3*d = 3*n + x, 0*n + 20 = 5*n. What are the prime factors of d?
13
Let y = -3 - -3. Let m = y - -4. Suppose 0*h = m*x + 4*h - 8, -3*x + h + 22 = 0. What are the prime factors of x?
2, 3
Let i(g) = g**3 + 9*g**2 - 9*g + 6. Let l be i(-10). List the prime factors of 209 - 0*l/12.
11, 19
Let k(j) be the first derivative of j**3/3 - 8*j**2 + 19*j - 8. Let l be k(15). Suppose 5*i = -l*p + 175, -2*p + 3*p + 5 = 0. What are the prime factors of i?
3, 13
Suppose -445*y + 436*y = -36. Suppose o - v - 23 = 0, 5*o + 3*v - 126 + 19 = 0. Suppose -2*f - 4*d = -o, -y*f + 0*f - 5*d + 47 = 0. List the prime factors of f.
13
Let a(p) = -p**2 - 5*p + 5. Let k be a(-5). Suppose -4*c = -4*q - 52, -3*c - q + 35 = -k*q. Let u = c - 5. List the prime factors of u.
2, 3
Suppose -24*k + 4860 = 3*k. List the prime factors of k.
2, 3, 5
Suppose c + 1 = f - 2, -5 = f - 3*c. Suppose -55 + f = -4*s. List the prime factors of s/18 + (-127)/(-3).
43
Suppose 3*h = -2*n + 5*n + 1698, 0 = 2*h - 4*n - 1138. List the prime factors of h.
563
Let g(j) = -j**3 - 3*j**2 + 2*j - 4. Let y be g(-4). Suppose 0 = 3*q + q - 20, -y*q - 137 = -k. List the prime factors of k.
157
Let k be (5 + -5)/4 + 105. Suppose -3*b - 2*n = -5*b + 302, 4*b - n - 610 = 0. Let z = b - k. List the prime factors of z.
2, 3
What are the prime factors of 685 + 0 + (-10 - -16)?
691
Suppose -2*m + 32 = -5*b, -61 + 21 = -2*m + 3*b. Suppose -7*c = -m - 16. What are the prime factors of c?
2, 3
What are the prime factors of 1/(-4) - 22967/(-28)?
2, 5, 41
List the prime factors of -1*(1 + -5) - (-1984 - -106).
2, 941
Let v(n) = 6*n**2 - 25*n + 83. List the prime factors of v(4).
79
Suppose -1990 = -z + 4*v, 4*v = -2*z + 4528 - 548. List the prime factors of z.
2, 5, 199
Suppose -48*c + 43233 - 1377 = 0. List the prime factors of c.
2, 109
Let x be 0 - 0 - -1 - (0 - 29). Let d = x + -25. What are the prime factors of d?
5
Suppose 2*k - 164 = -2*a, -7 = -5*k - 2. Let u = a + 11. What are the prime factors of u?
2, 23
Let s(m) = -91*m - 6. Suppose -d = 2*n - 1, 3*n - 12*d = -7*d - 31. What are the prime factors of s(n)?
2, 11
Let q = 2 - -3. Suppose j - 3*m - 100 = 0, q*m - 3*m = 2*j - 188. List the prime factors of j.
7, 13
Suppose -1 = -3*h + 5*w - 7, 5*h + 3*w = -44. What are the prime factors of h/((-84)/(-8)) - 1293/(-9)?
11, 13
Let w(c) be the first derivative of 3*c**3 - 4 - 3*c + 3*c**2 + 1/4*c**4. List the prime factors of w(-8).
13
Suppose 4*t - 1748 = 3*i, -997 = -3*t - 5*i + 343. What are the prime factors of t?
2, 5, 11
Let o = -4 + 2. Let s(c) = c**2 - 9. Let r be s(-5). Let x = r + o. What are the prime factors of x?
2, 7
Let k(p) be the second derivative of -25*p**3/6 + 32*p**2 - 6*p. What are the prime factors of k(-5)?
3, 7
What are the prime factors of (-2)/(-26) - (-175856)/104?
19, 89
Suppose 10*q - d = 5*q + 1, 2*d - 8 = 0. Let i be (q + 14)*11/3. Suppose -i = -2*s + 15. List the prime factors of s.
5, 7
Suppose 352 = 4*w - 104. Let q = -58 + w. List the prime factors of q.
2, 7
Let r = -22 + 43. Let s = r - 0. What are the prime factors of s?
3, 7
Let r(f) be the second derivative of f**3 - 5*f**2/2 + 3*f. Let c be r(2). Suppose -3*m + c + 8 = 0. What are the prime factors of m?
5
Let x = -5290 - -10896. List the prime factors of x.
2, 2803
Suppose 5*h - 192 = 408. Suppose 10*c = 12*c - h. What are the prime factors of c?
2, 3, 5
Let w(q) = -q**3 - 17*q**2 - 23*q - 62. List the prime factors of w(-20).
2, 17, 47
Suppose -4*w + 3 + 5 = -k, -10 = 4*k - 5*w. Suppose 4*j - s = -k*s + 16, 0 = 3*s. Suppose -5*n + 22 = -j*n. List the prime factors of n.
2, 11
Let y(a) = a - 13. Let o be y(13). Suppose -4*k + 3*k + 59 = o. What are the prime factors of k?
59
Let d(n) = 10*n**3 + 3*n**2 + 27*n - 26. What are the prime factors of d(5)?
2, 3, 239
What are the prime factors of 0 + 274 - (2 + 1)?
271
Let i = 13 + -7. Let a be -3 + i*(-3)/(-6). Suppose 0 = -5*s - 3*q + 96 + 75, 5*s - 2*q - 161 = a. List the prime factors of s.
3, 11
Suppose 0 = -2*g + 5*q + 723, q = -4*g + 3*g + 344. Suppose -5*t = -p - 840, -t + 3*p + g = t. What are the prime factors of t?
167
Let s(k) = -14*k - 3. Let q be s(-3). Suppose -q = -2*h - 3*t - 0*t, 5*t = -25. Let d = 42 - h. List the prime factors of d.
3, 5
Let m(x) = -x + 5. Let u be m(-11). Suppose -u*z + 19*z - 210 = 0. List the prime factors of z.
2, 5, 7
Let n(t) = -3*t**3 - 7*t**2 + 7*t - 1. Let m(d) = -d**3 - 4*d**2 + 4*d. Let f(v) = -7*m(v) + 4*n(v). List the prime factors of f(-2).
2, 3
Suppose -5*q + q = 4*m - 96, 3*m - 5*q - 96 = 0. Let o = 45 - m. Suppose 0 = 7*l - 6*l - o. List the prime factors of l.
2, 3
Let o(p) = -2 - 4*p + 11 + 3*p. Let s be o(0). List the prime factors of 191/s - (-8)/(-36).
3, 7
Let l be (-6)/(-15)*5*1. Suppose l*z + 0*z = 142. What are the prime factors of z?
71
Suppose -2*d = -7*d + 30. Let c = d - 3. Let u(p) = p**3 + 3*p**2 - 5*p + 2. List the prime factors of u(c).
41
Let p = 132 - 122. Suppose p*x + 0 = 60. List the prime factors of x.
2, 3
Let q = -9 + 1345. List the prime factors of q.
2, 167
Let n(w) = w**3 + 4*w**2 + 13*w - 34. List the prime factors of n(5).
2
Let g(h) = 56*h - 96. What are the prime factors of g(13)?
2, 79
Suppose -2*z = -6*z + 16. Suppose 0 = 2*w + 8, 0 = 2*a + w - z*w - 48. Suppose u - a = -h, 84 = 5*u + 4*h - 5*h. What are the prime factors of u?
17
Let y(p) = -p + 10. Let t be y(8). Suppose t = -j + 7. Suppose -j*o = -5*l + 79 + 1, 0 = -2*o - 4. List the prime factors of l.
2, 7
Let u(x) = -52*x**3 - 12*x**3 - 96*x**3 + x**2 - x - 1. What are the prime factors of u(-1)?
7, 23
Let a = 803 - 247. What are the prime factors of a?
2, 139
Let l be -56*4/(48/(-9)). Suppose -47*a + 755 = -l*a. List the prime factors of a.
151
Suppose 5*g - 175 = 145. Suppose 5*z = -2*f + g, -2*f = f - 3*z - 96. What are the prime factors of f?
2
Suppose -2*o + 72 = -o - 2*f, 0 = -4*o - 3*f + 343. What are the prime factors of o?
2, 41
Let h = -12 - 8. Let v be (-2 + 1)/(10/h). Suppose 3*c - v*c = 27. What are the prime factors of c?
3
Let g = -31 - -57. Let b = 12 + g. What are the prime factors of b?
2, 19
Suppose -5*t = 10, -7*f + 11*f + 5*t - 1738 = 0. What are the prime factors of f?
19, 23
Let i(k) = -8*k + 4. Let w(s) = -17*s + 8. Let b(u) = 7*i(u) - 3*w(u). Let h be b(-2). Let g = 41 - h. List the prime factors of g.
3
Let r = 33 - 39. What are the prime factors of 2*r/(18/(-57))?
2, 19
Let k be (0 + -29)*(-10)/10. Suppose 0 = 2*f + y - k, 3*y = -2*f + 4*y + 39. List the prime factors of f.
17
Suppose -5*j - 10 = -5*l, -j - 2 = -3*j + 5*l. Let k(n) = n**3 + 6*n**2 + 6*n + 4. Let f be k(j). Suppose f*v = 9*v + 117. What are the prime factors of v?
3, 13
Suppose 0 = -7*w + 132 + 736. Let y be -1*(1 - 2)*-66. Let u = y + w. List the prime factors of u.
2, 29
Let w = -19 - -23. Suppose -4*q + 3 = w*l - 5, l + 3*q + 4 = 0. Suppose 3*n - 8 = -p, -p = 4*p + l*n - 50. List the prime factors of p.
11
Suppose -15*j + s - 3126 = -20*j, 4*s - 2504 = -4*j. What are the prime factors of j?
5
Suppose -2*w = -o - 73, 3*w + 10*o - 142 = 5*o. Let t = 68 - w. What are the prime factors of t?
29
Let s be (-2)/4*16/(-4). Suppose -5*a = -c - 0*a + 64, 103 = s*c - 5*a. What are the prime factors of c?
3, 13
Suppose -5*b + 0 = -2*t + 14, 0 = 3*b - 2*t + 6. List the prime factors of 30/b*(-3 - -1).
3, 5
List the prime factors of 3*(7 - (-114)/1).
3, 11
Suppose -24*h + 38*h = 31500. What are the prime factors of h?
2, 3, 5
List the prime factors of (-2)/(40/(-1730))*2.
173
Suppose 5*m - 140 = 5*n, -3*n = 3*m + 80 - 14. Let k = 1 - n. Suppose -6*t + 440 = k. What are the prime factors of t?
3, 23
Let i(l) = l**2 + l + 4. Let u be i(0). Suppose u*d = z + 29, -3*z = 5*d - z - 33. Suppose -s + 26 - d = 0. What are the prime factors of s?
19
Suppose 9 = 4*q - 3. Suppose 5*x - 2*d - d + 6 = 0, q*x - 10 = -5*d. What are the prime factors of (x + 2/(-4))*-12?
2, 3
Suppose 0 = -4*d - 4, -y - 66 = 3*d + 17. Let u be y/(-12)*(-6)/(-4). List the prime factors of (-2)/1 + 2 + u.
2, 5
Let c = -297 - 19. Let r = c - -468. What are the prime factors of r?
2, 19
Let j = -149 - -1509. What are the prime factors of j?
2, 5, 17
Let k(x) = -x**3 - x**2 - 2*x - 6. Let p be k(-4). Suppose 4*v - 162 = -p. Let r = v - 6. List the prime factors of 